{"id":513,"date":"2022-09-04T15:02:16","date_gmt":"2022-09-04T15:02:16","guid":{"rendered":"http:\/\/localhost\/?page_id=513"},"modified":"2022-09-04T15:02:16","modified_gmt":"2022-09-04T15:02:16","slug":"ubicacion-academica","status":"publish","type":"page","link":"https:\/\/eschotel.edu.bo\/sitio\/ubicacion-academica\/","title":{"rendered":"Ubicaci\u00f3n Acad\u00e9mica"},"content":{"rendered":"\t\t<div data-elementor-type=\"wp-page\" data-elementor-id=\"513\" class=\"elementor elementor-513\">\n\t\t\t\t\t\t\t\t\t<section class=\"elementor-section elementor-top-section elementor-element elementor-element-717866b elementor-section-boxed elementor-section-height-default elementor-section-height-default\" data-id=\"717866b\" data-element_type=\"section\">\n\t\t\t\t\t\t<div class=\"elementor-container elementor-column-gap-default\">\n\t\t\t\t\t<div class=\"elementor-column elementor-col-33 elementor-top-column elementor-element elementor-element-144129c\" data-id=\"144129c\" data-element_type=\"column\">\n\t\t\t<div class=\"elementor-widget-wrap elementor-element-populated\">\n\t\t\t\t\t\t\t\t<div class=\"elementor-element elementor-element-6c411a1 elementor-widget elementor-widget-image\" data-id=\"6c411a1\" data-element_type=\"widget\" data-widget_type=\"image.default\">\n\t\t\t\t<div class=\"elementor-widget-container\">\n\t\t\t<style>\/*! elementor - v3.7.2 - 21-08-2022 *\/\n.elementor-widget-image{text-align:center}.elementor-widget-image a{display:inline-block}.elementor-widget-image a img[src$=\".svg\"]{width:48px}.elementor-widget-image img{vertical-align:middle;display:inline-block}<\/style>\t\t\t\t\t\t\t\t\t\t\t\t<img decoding=\"async\" src=\"https:\/\/eschotel.edu.bo\/sitio\/wp-content\/uploads\/2022\/09\/lateral_eht2.jpg\" title=\"\" alt=\"\" \/>\t\t\t\t\t\t\t\t\t\t\t\t\t\t\t<\/div>\n\t\t\t\t<\/div>\n\t\t\t\t\t<\/div>\n\t\t<\/div>\n\t\t\t\t<div class=\"elementor-column elementor-col-66 elementor-top-column elementor-element elementor-element-32db4ca\" data-id=\"32db4ca\" data-element_type=\"column\">\n\t\t\t<div class=\"elementor-widget-wrap elementor-element-populated\">\n\t\t\t\t\t\t\t\t<div class=\"elementor-element elementor-element-cd5dcb9 elementor-widget elementor-widget-image\" data-id=\"cd5dcb9\" data-element_type=\"widget\" data-widget_type=\"image.default\">\n\t\t\t\t<div class=\"elementor-widget-container\">\n\t\t\t\t\t\t\t\t\t\t\t\t\t\t\t<img decoding=\"async\" src=\"https:\/\/eschotel.edu.bo\/sitio\/wp-content\/uploads\/2022\/09\/anexos.jpg\" title=\"\" alt=\"\" \/>\t\t\t\t\t\t\t\t\t\t\t\t\t\t\t<\/div>\n\t\t\t\t<\/div>\n\t\t\t\t<section class=\"elementor-section elementor-inner-section elementor-element elementor-element-990a7d6 elementor-section-boxed elementor-section-height-default elementor-section-height-default\" data-id=\"990a7d6\" data-element_type=\"section\">\n\t\t\t\t\t\t<div class=\"elementor-container elementor-column-gap-default\">\n\t\t\t\t\t<div class=\"elementor-column elementor-col-50 elementor-inner-column elementor-element elementor-element-005157e\" data-id=\"005157e\" data-element_type=\"column\">\n\t\t\t<div class=\"elementor-widget-wrap elementor-element-populated\">\n\t\t\t\t\t\t\t\t<div class=\"elementor-element elementor-element-ea9e635 elementor-widget elementor-widget-text-editor\" data-id=\"ea9e635\" data-element_type=\"widget\" data-widget_type=\"text-editor.default\">\n\t\t\t\t<div class=\"elementor-widget-container\">\n\t\t\t<style>\/*! elementor - v3.7.2 - 21-08-2022 *\/\n.elementor-widget-text-editor.elementor-drop-cap-view-stacked .elementor-drop-cap{background-color:#818a91;color:#fff}.elementor-widget-text-editor.elementor-drop-cap-view-framed .elementor-drop-cap{color:#818a91;border:3px solid;background-color:transparent}.elementor-widget-text-editor:not(.elementor-drop-cap-view-default) .elementor-drop-cap{margin-top:8px}.elementor-widget-text-editor:not(.elementor-drop-cap-view-default) .elementor-drop-cap-letter{width:1em;height:1em}.elementor-widget-text-editor .elementor-drop-cap{float:left;text-align:center;line-height:1;font-size:50px}.elementor-widget-text-editor .elementor-drop-cap-letter{display:inline-block}<\/style>\t\t\t\t<h4 class=\"subtitulo100 naranja sin_borde\"><span style=\"color: #f9731f;\"><strong>CASA PRINCIPAL<\/strong><\/span><\/h4><p>Av. Sanchez Lima No. 2099, esq. A. Aspiazu<\/p><p>Tels\/Fax.: 2424154\/2424184<\/p><p><strong><em>Oficinas Administrativas<\/em><\/strong><\/p><p><strong><em>\u00a0<\/em><\/strong><\/p><p>\u00a0<\/p><h4 class=\"subtitulo100 naranja sin_borde\"><span style=\"color: #f9731f;\">ANEXO 1<\/span><\/h4><p>Av. Sanchez Lima No. 2017, esq. Ecuador<\/p><p>Telf.: 2423788<\/p><p><strong><em>Talleres de Cocina y Pasteler\u00eda &#8211; Sal\u00f3n &#8220;Sirenas del Titicaca&#8221;<\/em><\/strong><\/p>\t\t\t\t\t\t<\/div>\n\t\t\t\t<\/div>\n\t\t\t\t\t<\/div>\n\t\t<\/div>\n\t\t\t\t<div class=\"elementor-column elementor-col-50 elementor-inner-column elementor-element elementor-element-8beffd8\" data-id=\"8beffd8\" data-element_type=\"column\">\n\t\t\t<div class=\"elementor-widget-wrap elementor-element-populated\">\n\t\t\t\t\t\t\t\t<div class=\"elementor-element elementor-element-c1ffc7a elementor-widget elementor-widget-text-editor\" data-id=\"c1ffc7a\" data-element_type=\"widget\" data-widget_type=\"text-editor.default\">\n\t\t\t\t<div class=\"elementor-widget-container\">\n\t\t\t\t\t\t\t<h4 class=\"subtitulo100 naranja sin_borde\"><span style=\"color: #f9731f;\">ANEXO 4<\/span><\/h4><p>Andr\u00e9s Mu\u00f1oz esq. Pedro Salazar No. 2496<\/p><p>Telf.: 2417818<\/p><p><strong><em>\u00c1rea de Hoteler\u00eda y Turismo<\/em><\/strong><\/p><p>\u00a0<\/p><h4 class=\"subtitulo100 naranja sin_borde\"><br \/><span style=\"color: #f9731f;\">ANEXO 6<\/span><\/h4><p>Pasaje Carlos Medinacelli No. 2220<\/p><p>Telf.: 2423716<\/p><p><strong><em>Biblioteca, Aulas y Talleres de Bar, Cocina y Pasteler\u00eda<\/em><\/strong><\/p>\t\t\t\t\t\t<\/div>\n\t\t\t\t<\/div>\n\t\t\t\t\t<\/div>\n\t\t<\/div>\n\t\t\t\t\t\t\t<\/div>\n\t\t<\/section>\n\t\t\t\t\t<\/div>\n\t\t<\/div>\n\t\t\t\t\t\t\t<\/div>\n\t\t<\/section>\n\t\t\t\t\t\t\t<\/div>\n\t\t","protected":false},"excerpt":{"rendered":"<p>CASA PRINCIPAL Av. Sanchez Lima No. 2099, esq. A. Aspiazu Tels\/Fax.: 2424154\/2424184 Oficinas Administrativas \u00a0 \u00a0 ANEXO 1 Av. Sanchez Lima No. 2017, esq. Ecuador Telf.: 2423788 Talleres de Cocina y Pasteler\u00eda &#8211; Sal\u00f3n &#8220;Sirenas del Titicaca&#8221; ANEXO 4 Andr\u00e9s Mu\u00f1oz esq. Pedro Salazar No. 2496 Telf.: 2417818 \u00c1rea de Hoteler\u00eda y Turismo \u00a0 ANEXO [&hellip;]<\/p>\n","protected":false},"author":2,"featured_media":0,"parent":0,"menu_order":0,"comment_status":"closed","ping_status":"closed","template":"","meta":{"om_disable_all_campaigns":false,"_monsterinsights_skip_tracking":false,"_monsterinsights_sitenote_active":false,"_monsterinsights_sitenote_note":"","_monsterinsights_sitenote_category":0,"footnotes":""},"class_list":["post-513","page","type-page","status-publish","hentry"],"aioseo_notices":[],"_links":{"self":[{"href":"https:\/\/eschotel.edu.bo\/sitio\/wp-json\/wp\/v2\/pages\/513","targetHints":{"allow":["GET"]}}],"collection":[{"href":"https:\/\/eschotel.edu.bo\/sitio\/wp-json\/wp\/v2\/pages"}],"about":[{"href":"https:\/\/eschotel.edu.bo\/sitio\/wp-json\/wp\/v2\/types\/page"}],"author":[{"embeddable":true,"href":"https:\/\/eschotel.edu.bo\/sitio\/wp-json\/wp\/v2\/users\/2"}],"replies":[{"embeddable":true,"href":"https:\/\/eschotel.edu.bo\/sitio\/wp-json\/wp\/v2\/comments?post=513"}],"version-history":[{"count":0,"href":"https:\/\/eschotel.edu.bo\/sitio\/wp-json\/wp\/v2\/pages\/513\/revisions"}],"wp:attachment":[{"href":"https:\/\/eschotel.edu.bo\/sitio\/wp-json\/wp\/v2\/media?parent=513"}],"curies":[{"name":"wp","href":"https:\/\/api.w.org\/{rel}","templated":true}]}}