{"id":456,"date":"2022-09-04T01:16:22","date_gmt":"2022-09-04T01:16:22","guid":{"rendered":"http:\/\/localhost\/?page_id=456"},"modified":"2022-09-04T01:16:22","modified_gmt":"2022-09-04T01:16:22","slug":"actividades-culturales-taller-de-danza","status":"publish","type":"page","link":"https:\/\/eschotel.edu.bo\/sitio\/actividades-culturales-taller-de-danza\/","title":{"rendered":"Actividades Culturales &#8211; Taller de Danza"},"content":{"rendered":"\t\t<div data-elementor-type=\"wp-page\" data-elementor-id=\"456\" class=\"elementor elementor-456\">\n\t\t\t\t\t\t\t\t\t<section class=\"elementor-section elementor-top-section elementor-element elementor-element-a92d399 elementor-section-boxed elementor-section-height-default elementor-section-height-default\" data-id=\"a92d399\" data-element_type=\"section\">\n\t\t\t\t\t\t<div class=\"elementor-container elementor-column-gap-default\">\n\t\t\t\t\t<div class=\"elementor-column elementor-col-50 elementor-top-column elementor-element elementor-element-09dbbea\" data-id=\"09dbbea\" data-element_type=\"column\">\n\t\t\t<div class=\"elementor-widget-wrap elementor-element-populated\">\n\t\t\t\t\t\t\t\t<div class=\"elementor-element elementor-element-680cd3e elementor-widget elementor-widget-image\" data-id=\"680cd3e\" data-element_type=\"widget\" data-widget_type=\"image.default\">\n\t\t\t\t<div class=\"elementor-widget-container\">\n\t\t\t<style>\/*! elementor - v3.7.2 - 21-08-2022 *\/\n.elementor-widget-image{text-align:center}.elementor-widget-image a{display:inline-block}.elementor-widget-image a img[src$=\".svg\"]{width:48px}.elementor-widget-image img{vertical-align:middle;display:inline-block}<\/style>\t\t\t\t\t\t\t\t\t\t\t\t<img decoding=\"async\" src=\"https:\/\/eschotel.edu.bo\/sitio\/wp-content\/uploads\/2022\/09\/ballet.jpg\" title=\"\" alt=\"\" \/>\t\t\t\t\t\t\t\t\t\t\t\t\t\t\t<\/div>\n\t\t\t\t<\/div>\n\t\t\t\t<div class=\"elementor-element elementor-element-d6c3551 elementor-widget elementor-widget-text-editor\" data-id=\"d6c3551\" data-element_type=\"widget\" data-widget_type=\"text-editor.default\">\n\t\t\t\t<div class=\"elementor-widget-container\">\n\t\t\t<style>\/*! elementor - v3.7.2 - 21-08-2022 *\/\n.elementor-widget-text-editor.elementor-drop-cap-view-stacked .elementor-drop-cap{background-color:#818a91;color:#fff}.elementor-widget-text-editor.elementor-drop-cap-view-framed .elementor-drop-cap{color:#818a91;border:3px solid;background-color:transparent}.elementor-widget-text-editor:not(.elementor-drop-cap-view-default) .elementor-drop-cap{margin-top:8px}.elementor-widget-text-editor:not(.elementor-drop-cap-view-default) .elementor-drop-cap-letter{width:1em;height:1em}.elementor-widget-text-editor .elementor-drop-cap{float:left;text-align:center;line-height:1;font-size:50px}.elementor-widget-text-editor .elementor-drop-cap-letter{display:inline-block}<\/style>\t\t\t\t<p>En julio del 2014, el Director Ejecutivo de la Primera Escuela de Hoteler\u00eda y Turismo de Bolivia, Sr. Guillermo Iraola Mendiz\u00e1bal, me confiri\u00f3 el honor de formar parte de los profesores que viajar\u00edan a la CONPEHT (Confederaci\u00f3n Panamericana de Escuelas de Hoteler\u00eda Gastronom\u00eda y Turismo de Am\u00e9rica ) que ese a\u00f1o se realizar\u00eda en Lima, instruy\u00e9ndome entrenar a los alumnos en el \u00e1rea de danza folkl\u00f3rica, que es mi de especialidad.<\/p><p>De esta manera, un hermoso sue\u00f1o comenzaba, llevando a ese encuentro internacional una acuarela de cuecas de Bolivia y como n\u00famero sorpresa para la cena de despedida, la saya afro boliviana. El prop\u00f3sito fue alcanzado satisfactoriamente, los alumnos de Bolivia se hab\u00edan lucido en sus dos presentaciones, habiendo dejado la cultura boliviana en alto en suelos peruanos, siendo congratulados por el mismo Presidente de la CONPEHT, el Dr. Paul Anthony Rivera Alicea.<\/p><p>En noviembre de ese a\u00f1o, el Lic. Iraola me pidi\u00f3 fundar el ballet de la EHT, con el fin de contar con un cuerpo de ballet destinado a participar en todos los acontecimientos futuros, mostrando as\u00ed que la hoteler\u00eda, el turismo, y la gastronom\u00eda, junto a la danza folkl\u00f3rica, son parte del patrimonio cultural del pa\u00eds, solicitud a la que acced\u00ed emocionada por su significado y proyecciones.<\/p><p>De esta manera, el ballet se fund\u00f3 el 2 de marzo del 2015. La convocatoria estuvo abierta a todo el alumnado, con o sin experiencia previa. Comenzamos con m\u00e1s de 30 estudiantes, el taller brinda muchas ventajas e hizo que m\u00e1s alumnos se mostraran interesados, pues no tiene ning\u00fan costo, los horarios son accesibles, todo el vestuario de danza es asumido por la instituci\u00f3n adem\u00e1s de otros beneficios con los que cuenta hasta hoy. Nuestra meta es la de contar con un ballet de calidad, por lo que se trabaj\u00f3 d\u00eda tras d\u00eda, en el prop\u00f3sito de ser otro orgullo de nuestra prestigiosa instituci\u00f3n, respondiendo a la confianza que su Director hab\u00eda depositado en nosotros, llegando a constituirse en un cuerpo de baile estable y reconocido en sus distintas presentaciones, entre las que cabe destacar:<\/p><p>\u00a0\u00a0\u00a0\u00a0\u00a0\u00a0<img decoding=\"async\" src=\"https:\/\/eschotel.edu.bo\/sitio\/imagenes\/bullet_naranja.png\" \/>\u00a0\u00a0Foro Amaz\u00f3nico (abril 2015)<\/p><p>\u00a0\u00a0\u00a0\u00a0\u00a0\u00a0<img decoding=\"async\" src=\"https:\/\/eschotel.edu.bo\/sitio\/imagenes\/bullet_naranja.png\" \/>\u00a0\u00a0Top Cuissine (18 -19 d\u00e9 junio del 2015)<\/p><p>\u00a0\u00a0\u00a0\u00a0\u00a0\u00a0<img decoding=\"async\" src=\"https:\/\/eschotel.edu.bo\/sitio\/imagenes\/bullet_naranja.png\" \/>\u00a0\u00a0Graduaci\u00f3n de alumnos 2015 (abril 2015)<\/p><p>\u00a0\u00a0\u00a0\u00a0\u00a0\u00a0<img decoding=\"async\" src=\"https:\/\/eschotel.edu.bo\/sitio\/imagenes\/bullet_naranja.png\" \/>\u00a0\u00a039 Aniversario de la EHT (20 de junio del 2015)<\/p><p>\u00a0\u00a0\u00a0\u00a0\u00a0\u00a0<img decoding=\"async\" src=\"https:\/\/eschotel.edu.bo\/sitio\/imagenes\/bullet_naranja.png\" \/>\u00a0\u00a0Foro Panamericano (23 de julio del 2015)<\/p><p>\u00a0\u00a0\u00a0\u00a0\u00a0\u00a0<img decoding=\"async\" src=\"https:\/\/eschotel.edu.bo\/sitio\/imagenes\/bullet_naranja.png\" \/>\u00a0\u00a0Foro del Chaco (17-18 de septiembre )<\/p><p>\u00a0\u00a0\u00a0\u00a0\u00a0\u00a0<img decoding=\"async\" src=\"https:\/\/eschotel.edu.bo\/sitio\/imagenes\/bullet_naranja.png\" \/>\u00a0\u00a0Feria de la Quinua ( 27 septiembre 2015)<\/p><p>\u00a0\u00a0\u00a0\u00a0\u00a0\u00a0<img decoding=\"async\" src=\"https:\/\/eschotel.edu.bo\/sitio\/imagenes\/bullet_naranja.png\" \/>\u00a0\u00a0Foro andino (19 de noviembre)<\/p><p>\u00a0\u00a0\u00a0\u00a0\u00a0\u00a0<img decoding=\"async\" src=\"https:\/\/eschotel.edu.bo\/sitio\/imagenes\/bullet_naranja.png\" \/>\u00a0\u00a0Inauguraci\u00f3n a\u00f1o acad\u00e9mico 2016 (enero 2016) y<\/p><p>\u00a0\u00a0\u00a0\u00a0\u00a0\u00a0<img decoding=\"async\" src=\"https:\/\/eschotel.edu.bo\/sitio\/imagenes\/bullet_naranja.png\" \/>\u00a0\u00a0Acto de graduaci\u00f3n 2016 (24 febrero 2016).<\/p>\t\t\t\t\t\t<\/div>\n\t\t\t\t<\/div>\n\t\t\t\t<div class=\"elementor-element elementor-element-9547e9f elementor-widget elementor-widget-heading\" data-id=\"9547e9f\" data-element_type=\"widget\" data-widget_type=\"heading.default\">\n\t\t\t\t<div class=\"elementor-widget-container\">\n\t\t\t<style>\/*! elementor - v3.7.2 - 21-08-2022 *\/\n.elementor-heading-title{padding:0;margin:0;line-height:1}.elementor-widget-heading .elementor-heading-title[class*=elementor-size-]>a{color:inherit;font-size:inherit;line-height:inherit}.elementor-widget-heading .elementor-heading-title.elementor-size-small{font-size:15px}.elementor-widget-heading .elementor-heading-title.elementor-size-medium{font-size:19px}.elementor-widget-heading .elementor-heading-title.elementor-size-large{font-size:29px}.elementor-widget-heading .elementor-heading-title.elementor-size-xl{font-size:39px}.elementor-widget-heading .elementor-heading-title.elementor-size-xxl{font-size:59px}<\/style><h2 class=\"elementor-heading-title elementor-size-large\">Videos Ballet EHT<\/h2>\t\t<\/div>\n\t\t\t\t<\/div>\n\t\t\t\t<section class=\"elementor-section elementor-inner-section elementor-element elementor-element-eae1477 elementor-section-boxed elementor-section-height-default elementor-section-height-default\" data-id=\"eae1477\" data-element_type=\"section\">\n\t\t\t\t\t\t<div class=\"elementor-container elementor-column-gap-default\">\n\t\t\t\t\t<div class=\"elementor-column elementor-col-50 elementor-inner-column elementor-element elementor-element-65a79a9\" data-id=\"65a79a9\" data-element_type=\"column\">\n\t\t\t<div class=\"elementor-widget-wrap elementor-element-populated\">\n\t\t\t\t\t\t\t\t<div class=\"elementor-element elementor-element-172dd8c elementor-cta--skin-classic elementor-animated-content elementor-bg-transform elementor-bg-transform-zoom-in elementor-widget elementor-widget-call-to-action\" data-id=\"172dd8c\" data-element_type=\"widget\" data-widget_type=\"call-to-action.default\">\n\t\t\t\t<div class=\"elementor-widget-container\">\n\t\t\t<link rel=\"stylesheet\" href=\"https:\/\/eschotel.edu.bo\/sitio\/wp-content\/plugins\/elementor-pro\/assets\/css\/widget-call-to-action.min.css\">\t\t<a class=\"elementor-cta\" href=\"https:\/\/www.youtube.com\/watch?v=PXe_fOwF-Ss&#038;list=PLmet1uc4X8vUxuT-t_eimaTfSkZEccnPH&#038;index=12\">\n\t\t\t\t\t\t\t<div class=\"elementor-cta__content\">\n\t\t\t\t\n\t\t\t\t<h2 class=\"elementor-cta__title elementor-cta__content-item elementor-content-item\">Ballet EHT Saya  Afroboliviana<\/h2>\n\t\t\t\t\n\t\t\t\t\t\t\t<\/div>\n\t\t\t\t\t\t<\/a>\n\t\t\t\t<\/div>\n\t\t\t\t<\/div>\n\t\t\t\t\t<\/div>\n\t\t<\/div>\n\t\t\t\t<div class=\"elementor-column elementor-col-50 elementor-inner-column elementor-element elementor-element-b7e589f\" data-id=\"b7e589f\" data-element_type=\"column\">\n\t\t\t<div class=\"elementor-widget-wrap elementor-element-populated\">\n\t\t\t\t\t\t\t\t<div class=\"elementor-element elementor-element-9306645 elementor-cta--skin-classic elementor-animated-content elementor-bg-transform elementor-bg-transform-zoom-in elementor-widget elementor-widget-call-to-action\" data-id=\"9306645\" data-element_type=\"widget\" data-widget_type=\"call-to-action.default\">\n\t\t\t\t<div class=\"elementor-widget-container\">\n\t\t\t\t\t<a class=\"elementor-cta\" href=\"https:\/\/www.youtube.com\/watch?v=IjskgwsAPLE\">\n\t\t\t\t\t\t\t<div class=\"elementor-cta__content\">\n\t\t\t\t\n\t\t\t\t<h2 class=\"elementor-cta__title elementor-cta__content-item elementor-content-item\">Ballet EHT  Tobas<\/h2>\n\t\t\t\t\n\t\t\t\t\t\t\t<\/div>\n\t\t\t\t\t\t<\/a>\n\t\t\t\t<\/div>\n\t\t\t\t<\/div>\n\t\t\t\t\t<\/div>\n\t\t<\/div>\n\t\t\t\t\t\t\t<\/div>\n\t\t<\/section>\n\t\t\t\t<section class=\"elementor-section elementor-inner-section elementor-element elementor-element-067511f elementor-section-boxed elementor-section-height-default elementor-section-height-default\" data-id=\"067511f\" data-element_type=\"section\">\n\t\t\t\t\t\t<div class=\"elementor-container elementor-column-gap-default\">\n\t\t\t\t\t<div class=\"elementor-column elementor-col-50 elementor-inner-column elementor-element elementor-element-bc45073\" data-id=\"bc45073\" data-element_type=\"column\">\n\t\t\t<div class=\"elementor-widget-wrap elementor-element-populated\">\n\t\t\t\t\t\t\t\t<div class=\"elementor-element elementor-element-17c2d23 elementor-cta--skin-classic elementor-animated-content elementor-bg-transform elementor-bg-transform-zoom-in elementor-widget elementor-widget-call-to-action\" data-id=\"17c2d23\" data-element_type=\"widget\" data-widget_type=\"call-to-action.default\">\n\t\t\t\t<div class=\"elementor-widget-container\">\n\t\t\t\t\t<a class=\"elementor-cta\" href=\"https:\/\/www.youtube.com\/watch?v=E-9WVqjvx0I\">\n\t\t\t\t\t\t\t<div class=\"elementor-cta__content\">\n\t\t\t\t\n\t\t\t\t<h2 class=\"elementor-cta__title elementor-cta__content-item elementor-content-item\">Ballet Escuela Hotelera,  Danzas turismo<\/h2>\n\t\t\t\t\n\t\t\t\t\t\t\t<\/div>\n\t\t\t\t\t\t<\/a>\n\t\t\t\t<\/div>\n\t\t\t\t<\/div>\n\t\t\t\t\t<\/div>\n\t\t<\/div>\n\t\t\t\t<div class=\"elementor-column elementor-col-50 elementor-inner-column elementor-element elementor-element-f669262\" data-id=\"f669262\" data-element_type=\"column\">\n\t\t\t<div class=\"elementor-widget-wrap elementor-element-populated\">\n\t\t\t\t\t\t\t\t<div class=\"elementor-element elementor-element-dca7e10 elementor-cta--skin-classic elementor-animated-content elementor-bg-transform elementor-bg-transform-zoom-in elementor-widget elementor-widget-call-to-action\" data-id=\"dca7e10\" data-element_type=\"widget\" data-widget_type=\"call-to-action.default\">\n\t\t\t\t<div class=\"elementor-widget-container\">\n\t\t\t\t\t<a class=\"elementor-cta\" href=\"https:\/\/www.youtube.com\/watch?v=dQkAzTO17nY\">\n\t\t\t\t\t\t\t<div class=\"elementor-cta__content\">\n\t\t\t\t\n\t\t\t\t<h2 class=\"elementor-cta__title elementor-cta__content-item elementor-content-item\">Escuela Hotelera  39 aniversario, parte7<\/h2>\n\t\t\t\t\n\t\t\t\t\t\t\t<\/div>\n\t\t\t\t\t\t<\/a>\n\t\t\t\t<\/div>\n\t\t\t\t<\/div>\n\t\t\t\t\t<\/div>\n\t\t<\/div>\n\t\t\t\t\t\t\t<\/div>\n\t\t<\/section>\n\t\t\t\t<section class=\"elementor-section elementor-inner-section elementor-element elementor-element-05be7bf elementor-section-boxed elementor-section-height-default elementor-section-height-default\" data-id=\"05be7bf\" data-element_type=\"section\">\n\t\t\t\t\t\t<div class=\"elementor-container elementor-column-gap-default\">\n\t\t\t\t\t<div class=\"elementor-column elementor-col-50 elementor-inner-column elementor-element elementor-element-52c2741\" data-id=\"52c2741\" data-element_type=\"column\">\n\t\t\t<div class=\"elementor-widget-wrap elementor-element-populated\">\n\t\t\t\t\t\t\t\t<div class=\"elementor-element elementor-element-e12337a elementor-cta--skin-classic elementor-animated-content elementor-bg-transform elementor-bg-transform-zoom-in elementor-widget elementor-widget-call-to-action\" data-id=\"e12337a\" data-element_type=\"widget\" data-widget_type=\"call-to-action.default\">\n\t\t\t\t<div class=\"elementor-widget-container\">\n\t\t\t\t\t<a class=\"elementor-cta\" href=\"https:\/\/www.youtube.com\/watch?v=gtOdHcwC6sw\">\n\t\t\t\t\t\t\t<div class=\"elementor-cta__content\">\n\t\t\t\t\n\t\t\t\t<h2 class=\"elementor-cta__title elementor-cta__content-item elementor-content-item\">Escuela Hotelera  39 aniversario, parte6<\/h2>\n\t\t\t\t\n\t\t\t\t\t\t\t<\/div>\n\t\t\t\t\t\t<\/a>\n\t\t\t\t<\/div>\n\t\t\t\t<\/div>\n\t\t\t\t\t<\/div>\n\t\t<\/div>\n\t\t\t\t<div class=\"elementor-column elementor-col-50 elementor-inner-column elementor-element elementor-element-d78a361\" data-id=\"d78a361\" data-element_type=\"column\">\n\t\t\t<div class=\"elementor-widget-wrap elementor-element-populated\">\n\t\t\t\t\t\t\t\t<div class=\"elementor-element elementor-element-5d91661 elementor-cta--skin-classic elementor-animated-content elementor-bg-transform elementor-bg-transform-zoom-in elementor-widget elementor-widget-call-to-action\" data-id=\"5d91661\" data-element_type=\"widget\" data-widget_type=\"call-to-action.default\">\n\t\t\t\t<div class=\"elementor-widget-container\">\n\t\t\t\t\t<a class=\"elementor-cta\" href=\"https:\/\/www.youtube.com\/watch?v=JCjG1TMry0c\">\n\t\t\t\t\t\t\t<div class=\"elementor-cta__content\">\n\t\t\t\t\n\t\t\t\t<h2 class=\"elementor-cta__title elementor-cta__content-item elementor-content-item\">Escuela Hotelera  39 aniversario, parte1<\/h2>\n\t\t\t\t\n\t\t\t\t\t\t\t<\/div>\n\t\t\t\t\t\t<\/a>\n\t\t\t\t<\/div>\n\t\t\t\t<\/div>\n\t\t\t\t\t<\/div>\n\t\t<\/div>\n\t\t\t\t\t\t\t<\/div>\n\t\t<\/section>\n\t\t\t\t\t<\/div>\n\t\t<\/div>\n\t\t\t\t<div class=\"elementor-column elementor-col-50 elementor-top-column elementor-element elementor-element-aa1af82\" data-id=\"aa1af82\" data-element_type=\"column\" data-settings=\"{&quot;background_background&quot;:&quot;classic&quot;}\">\n\t\t\t<div class=\"elementor-widget-wrap elementor-element-populated\">\n\t\t\t\t\t\t\t\t<div class=\"elementor-element elementor-element-2b0f015 elementor-widget elementor-widget-heading\" data-id=\"2b0f015\" data-element_type=\"widget\" data-widget_type=\"heading.default\">\n\t\t\t\t<div class=\"elementor-widget-container\">\n\t\t\t<h2 class=\"elementor-heading-title elementor-size-large\">- Nuestras participaciones -<\/h2>\t\t<\/div>\n\t\t\t\t<\/div>\n\t\t\t\t<div class=\"elementor-element elementor-element-08b28b0 elementor-widget elementor-widget-image\" data-id=\"08b28b0\" data-element_type=\"widget\" data-widget_type=\"image.default\">\n\t\t\t\t<div class=\"elementor-widget-container\">\n\t\t\t\t\t\t\t\t\t\t\t\t\t\t\t<img decoding=\"async\" src=\"https:\/\/eschotel.edu.bo\/sitio\/wp-content\/uploads\/2022\/09\/ballet1.jpg\" title=\"\" alt=\"\" \/>\t\t\t\t\t\t\t\t\t\t\t\t\t\t\t<\/div>\n\t\t\t\t<\/div>\n\t\t\t\t<div class=\"elementor-element elementor-element-fbfb467 elementor-widget elementor-widget-image\" data-id=\"fbfb467\" data-element_type=\"widget\" data-widget_type=\"image.default\">\n\t\t\t\t<div class=\"elementor-widget-container\">\n\t\t\t\t\t\t\t\t\t\t\t\t\t\t\t<img decoding=\"async\" src=\"https:\/\/eschotel.edu.bo\/sitio\/wp-content\/uploads\/2022\/09\/ballet2.jpg\" title=\"\" alt=\"\" \/>\t\t\t\t\t\t\t\t\t\t\t\t\t\t\t<\/div>\n\t\t\t\t<\/div>\n\t\t\t\t<div class=\"elementor-element elementor-element-8fff84f elementor-widget elementor-widget-image\" data-id=\"8fff84f\" data-element_type=\"widget\" data-widget_type=\"image.default\">\n\t\t\t\t<div class=\"elementor-widget-container\">\n\t\t\t\t\t\t\t\t\t\t\t\t\t\t\t<img decoding=\"async\" src=\"https:\/\/eschotel.edu.bo\/sitio\/wp-content\/uploads\/2022\/09\/ballet3.jpg\" title=\"\" alt=\"\" \/>\t\t\t\t\t\t\t\t\t\t\t\t\t\t\t<\/div>\n\t\t\t\t<\/div>\n\t\t\t\t<div class=\"elementor-element elementor-element-e3fb806 elementor-widget elementor-widget-image\" data-id=\"e3fb806\" data-element_type=\"widget\" data-widget_type=\"image.default\">\n\t\t\t\t<div class=\"elementor-widget-container\">\n\t\t\t\t\t\t\t\t\t\t\t\t\t\t\t<img decoding=\"async\" src=\"https:\/\/eschotel.edu.bo\/sitio\/wp-content\/uploads\/2022\/09\/ballet4.jpg\" title=\"\" alt=\"\" \/>\t\t\t\t\t\t\t\t\t\t\t\t\t\t\t<\/div>\n\t\t\t\t<\/div>\n\t\t\t\t\t<\/div>\n\t\t<\/div>\n\t\t\t\t\t\t\t<\/div>\n\t\t<\/section>\n\t\t\t\t\t\t\t<\/div>\n\t\t","protected":false},"excerpt":{"rendered":"<p>En julio del 2014, el Director Ejecutivo de la Primera Escuela de Hoteler\u00eda y Turismo de Bolivia, Sr. Guillermo Iraola Mendiz\u00e1bal, me confiri\u00f3 el honor de formar parte de los profesores que viajar\u00edan a la CONPEHT (Confederaci\u00f3n Panamericana de Escuelas de Hoteler\u00eda Gastronom\u00eda y Turismo de Am\u00e9rica ) que ese a\u00f1o se realizar\u00eda en Lima, [&hellip;]<\/p>\n","protected":false},"author":2,"featured_media":0,"parent":0,"menu_order":0,"comment_status":"closed","ping_status":"closed","template":"","meta":{"om_disable_all_campaigns":false,"_monsterinsights_skip_tracking":false,"_monsterinsights_sitenote_active":false,"_monsterinsights_sitenote_note":"","_monsterinsights_sitenote_category":0,"footnotes":""},"class_list":["post-456","page","type-page","status-publish","hentry"],"aioseo_notices":[],"_links":{"self":[{"href":"https:\/\/eschotel.edu.bo\/sitio\/wp-json\/wp\/v2\/pages\/456","targetHints":{"allow":["GET"]}}],"collection":[{"href":"https:\/\/eschotel.edu.bo\/sitio\/wp-json\/wp\/v2\/pages"}],"about":[{"href":"https:\/\/eschotel.edu.bo\/sitio\/wp-json\/wp\/v2\/types\/page"}],"author":[{"embeddable":true,"href":"https:\/\/eschotel.edu.bo\/sitio\/wp-json\/wp\/v2\/users\/2"}],"replies":[{"embeddable":true,"href":"https:\/\/eschotel.edu.bo\/sitio\/wp-json\/wp\/v2\/comments?post=456"}],"version-history":[{"count":0,"href":"https:\/\/eschotel.edu.bo\/sitio\/wp-json\/wp\/v2\/pages\/456\/revisions"}],"wp:attachment":[{"href":"https:\/\/eschotel.edu.bo\/sitio\/wp-json\/wp\/v2\/media?parent=456"}],"curies":[{"name":"wp","href":"https:\/\/api.w.org\/{rel}","templated":true}]}}