{"id":435,"date":"2022-09-04T01:10:38","date_gmt":"2022-09-04T01:10:38","guid":{"rendered":"http:\/\/localhost\/?page_id=435"},"modified":"2025-07-10T13:03:43","modified_gmt":"2025-07-10T17:03:43","slug":"nuestra-biblioteca","status":"publish","type":"page","link":"https:\/\/eschotel.edu.bo\/sitio\/nuestra-biblioteca\/","title":{"rendered":"BIBLIOTECA PATRIMONIAL Y ESPECIALIZADA"},"content":{"rendered":"\t\t<div data-elementor-type=\"wp-page\" data-elementor-id=\"435\" class=\"elementor elementor-435\">\n\t\t\t\t\t\t\t\t\t<section class=\"elementor-section elementor-top-section elementor-element elementor-element-97fba8b elementor-section-full_width elementor-section-height-default elementor-section-height-default\" data-id=\"97fba8b\" data-element_type=\"section\" data-settings=\"{&quot;background_background&quot;:&quot;classic&quot;}\">\n\t\t\t\t\t\t<div class=\"elementor-container elementor-column-gap-no\">\n\t\t\t\t\t<div class=\"elementor-column elementor-col-25 elementor-top-column elementor-element elementor-element-4948d5c\" data-id=\"4948d5c\" data-element_type=\"column\" data-settings=\"{&quot;background_background&quot;:&quot;classic&quot;}\">\n\t\t\t<div class=\"elementor-widget-wrap elementor-element-populated\">\n\t\t\t\t\t\t\t\t<div class=\"elementor-element elementor-element-29ce3fe elementor-widget elementor-widget-spacer\" data-id=\"29ce3fe\" data-element_type=\"widget\" data-widget_type=\"spacer.default\">\n\t\t\t\t<div class=\"elementor-widget-container\">\n\t\t\t<style>\/*! elementor - v3.7.2 - 21-08-2022 *\/\n.elementor-column .elementor-spacer-inner{height:var(--spacer-size)}.e-container{--container-widget-width:100%}.e-container>.elementor-widget-spacer{width:var(--container-widget-width,var(--spacer-size));-ms-flex-item-align:stretch;align-self:stretch;-ms-flex-negative:0;flex-shrink:0}.e-container>.elementor-widget-spacer>.elementor-widget-container,.e-container>.elementor-widget-spacer>.elementor-widget-container>.elementor-spacer{height:100%}.e-container>.elementor-widget-spacer>.elementor-widget-container>.elementor-spacer>.elementor-spacer-inner{height:var(--container-widget-height,var(--spacer-size))}<\/style>\t\t<div class=\"elementor-spacer\">\n\t\t\t<div class=\"elementor-spacer-inner\"><\/div>\n\t\t<\/div>\n\t\t\t\t<\/div>\n\t\t\t\t<\/div>\n\t\t\t\t<div class=\"elementor-element elementor-element-37a4e8a elementor-widget elementor-widget-image\" data-id=\"37a4e8a\" data-element_type=\"widget\" data-widget_type=\"image.default\">\n\t\t\t\t<div class=\"elementor-widget-container\">\n\t\t\t<style>\/*! elementor - v3.7.2 - 21-08-2022 *\/\n.elementor-widget-image{text-align:center}.elementor-widget-image a{display:inline-block}.elementor-widget-image a img[src$=\".svg\"]{width:48px}.elementor-widget-image img{vertical-align:middle;display:inline-block}<\/style>\t\t\t\t\t\t\t\t\t\t\t\t<img decoding=\"async\" src=\"https:\/\/eschotel.edu.bo\/sitio\/wp-content\/uploads\/2022\/09\/madame_carminia.png\" title=\"\" alt=\"\" \/>\t\t\t\t\t\t\t\t\t\t\t\t\t\t\t<\/div>\n\t\t\t\t<\/div>\n\t\t\t\t<div class=\"elementor-element elementor-element-34a4048 elementor-widget elementor-widget-spacer\" data-id=\"34a4048\" data-element_type=\"widget\" data-widget_type=\"spacer.default\">\n\t\t\t\t<div class=\"elementor-widget-container\">\n\t\t\t\t\t<div class=\"elementor-spacer\">\n\t\t\t<div class=\"elementor-spacer-inner\"><\/div>\n\t\t<\/div>\n\t\t\t\t<\/div>\n\t\t\t\t<\/div>\n\t\t\t\t\t<\/div>\n\t\t<\/div>\n\t\t\t\t<div class=\"elementor-column elementor-col-25 elementor-top-column elementor-element elementor-element-e27ece8\" data-id=\"e27ece8\" data-element_type=\"column\">\n\t\t\t<div class=\"elementor-widget-wrap elementor-element-populated\">\n\t\t\t\t\t\t\t\t<div class=\"elementor-element elementor-element-59e0f9f elementor-widget elementor-widget-image\" data-id=\"59e0f9f\" data-element_type=\"widget\" data-widget_type=\"image.default\">\n\t\t\t\t<div class=\"elementor-widget-container\">\n\t\t\t\t\t\t\t\t\t\t\t\t\t\t\t<img loading=\"lazy\" decoding=\"async\" width=\"800\" height=\"310\" src=\"https:\/\/eschotel.edu.bo\/sitio\/wp-content\/uploads\/2025\/07\/01-1024x397.png\" class=\"attachment-large size-large\" alt=\"\" srcset=\"https:\/\/eschotel.edu.bo\/sitio\/wp-content\/uploads\/2025\/07\/01-1024x397.png 1024w, https:\/\/eschotel.edu.bo\/sitio\/wp-content\/uploads\/2025\/07\/01-300x116.png 300w, https:\/\/eschotel.edu.bo\/sitio\/wp-content\/uploads\/2025\/07\/01-768x298.png 768w, https:\/\/eschotel.edu.bo\/sitio\/wp-content\/uploads\/2025\/07\/01.png 1127w\" sizes=\"auto, (max-width: 800px) 100vw, 800px\" \/>\t\t\t\t\t\t\t\t\t\t\t\t\t\t\t<\/div>\n\t\t\t\t<\/div>\n\t\t\t\t<div class=\"elementor-element elementor-element-64a00c3 elementor-widget elementor-widget-image\" data-id=\"64a00c3\" data-element_type=\"widget\" data-widget_type=\"image.default\">\n\t\t\t\t<div class=\"elementor-widget-container\">\n\t\t\t\t\t\t\t\t\t\t\t\t\t\t\t<img loading=\"lazy\" decoding=\"async\" width=\"800\" height=\"552\" src=\"https:\/\/eschotel.edu.bo\/sitio\/wp-content\/uploads\/2025\/07\/02.png\" class=\"attachment-large size-large\" alt=\"\" srcset=\"https:\/\/eschotel.edu.bo\/sitio\/wp-content\/uploads\/2025\/07\/02.png 829w, https:\/\/eschotel.edu.bo\/sitio\/wp-content\/uploads\/2025\/07\/02-300x207.png 300w, https:\/\/eschotel.edu.bo\/sitio\/wp-content\/uploads\/2025\/07\/02-768x530.png 768w\" sizes=\"auto, (max-width: 800px) 100vw, 800px\" \/>\t\t\t\t\t\t\t\t\t\t\t\t\t\t\t<\/div>\n\t\t\t\t<\/div>\n\t\t\t\t<div class=\"elementor-element elementor-element-074666d elementor-align-center elementor-widget elementor-widget-button\" data-id=\"074666d\" data-element_type=\"widget\" data-widget_type=\"button.default\">\n\t\t\t\t<div class=\"elementor-widget-container\">\n\t\t\t\t\t<div class=\"elementor-button-wrapper\">\n\t\t\t<a href=\"https:\/\/catalogo.eschotel.com.bo\" target=\"_blank\" class=\"elementor-button-link elementor-button elementor-size-sm\" role=\"button\">\n\t\t\t\t\t\t<span class=\"elementor-button-content-wrapper\">\n\t\t\t\t\t\t\t<span class=\"elementor-button-icon elementor-align-icon-left\">\n\t\t\t\t<i aria-hidden=\"true\" class=\"fas fa-book-open\"><\/i>\t\t\t<\/span>\n\t\t\t\t\t\t<span class=\"elementor-button-text\">Catalogo En Linea<\/span>\n\t\t<\/span>\n\t\t\t\t\t<\/a>\n\t\t<\/div>\n\t\t\t\t<\/div>\n\t\t\t\t<\/div>\n\t\t\t\t<div class=\"elementor-element elementor-element-baeae07 elementor-widget elementor-widget-text-editor\" data-id=\"baeae07\" data-element_type=\"widget\" data-widget_type=\"text-editor.default\">\n\t\t\t\t<div class=\"elementor-widget-container\">\n\t\t\t<style>\/*! elementor - v3.7.2 - 21-08-2022 *\/\n.elementor-widget-text-editor.elementor-drop-cap-view-stacked .elementor-drop-cap{background-color:#818a91;color:#fff}.elementor-widget-text-editor.elementor-drop-cap-view-framed .elementor-drop-cap{color:#818a91;border:3px solid;background-color:transparent}.elementor-widget-text-editor:not(.elementor-drop-cap-view-default) .elementor-drop-cap{margin-top:8px}.elementor-widget-text-editor:not(.elementor-drop-cap-view-default) .elementor-drop-cap-letter{width:1em;height:1em}.elementor-widget-text-editor .elementor-drop-cap{float:left;text-align:center;line-height:1;font-size:50px}.elementor-widget-text-editor .elementor-drop-cap-letter{display:inline-block}<\/style>\t\t\t\t<p><span style=\"color: #ffffff;\">Las bibliotecas siguen siendo piezas cruciales del sistema de edu\u00adcaci\u00f3n e investigaci\u00f3n. En un mundo donde la informaci\u00f3n se ha con\u00advertido en uno de los bienes m\u00e1s preciados para el crecimiento econ\u00f3mi\u00adco, social y cultural de las naciones, contar con bibliotecas especializadas y actualizadas resulta importante para entender el surgimiento y desarrollo de una regi\u00f3n.<\/span><\/p><p><span style=\"color: #ffffff;\">Es as\u00ed que la Biblioteca Gastron\u00f3mica \u201cMadame Carmi\u00f1ia\u201d es la \u00fanica en Bolivia que re\u00fane 5.000 vol\u00famenes sobre el \u00e1rea y que contribuye en gran medida a la historia de nuestro pa\u00eds, a trav\u00e9s de las pr\u00e1cticas culinarias que se han desarrollado desde la \u00e9poca de Tiawanaku, en la colonia, en la Rep\u00fablica, hasta nuestros d\u00edas que se recuperan los cono\u00adcimientos y saberes de nuestros pueblos.<\/span><\/p><p><span style=\"color: #ffffff;\">El aporte boliviano a la gastronom\u00eda en general con productos propios o domesticados en nuestras regiones desde las papas, la qui\u00adnua hasta los aj\u00edes y las pr\u00e1cticas ancestrales de los ind\u00edgenas como la Wathia (s\u00edmbolo de la armon\u00eda con la Pachamama) que desaparece en la etapa colonial porque era considerada una pr\u00e1ctica alimenticia no apta para los colonizadores.<\/span><\/p><p><span style=\"color: #ffffff;\">La Primera Escuela de Hoteler\u00eda y Turismo de Bolivia contin\u00faa con el aporte a la sociedad boliviana porque permite conocer las pr\u00e1cti\u00adcas gastron\u00f3micas actuales, gracias a los foros Andino, del Chaco, el Amaz\u00f3nico y de los Valles. Todo el material est\u00e1 al alcance de quien de\u00adsea sumergirse en el mundo de la producci\u00f3n, la alimentaci\u00f3n, la coci\u00adna, las bebidas\u2026 en la Biblioteca \u201cMadame Carminia\u201d.<\/span><\/p><p><span style=\"color: #ffffff;\">El archivo forma parte de la Red PERII INASPI (Programa para el forta\u00adlecimiento de la informaci\u00f3n para la investigaci\u00f3n) que impulsa el Vice\u00administerio de Ciencia y Tecnolog\u00eda del Ministerio de Educaci\u00f3n que se plasma en la incorporaci\u00f3n de la Biblioteca de la escuela al sistema de Biblioteca Virtual de la Organizaci\u00f3n Internacional de Turismo.<\/span><\/p><p>\u00a0<\/p>\t\t\t\t\t\t<\/div>\n\t\t\t\t<\/div>\n\t\t\t\t<div class=\"elementor-element elementor-element-2389d00 elementor-widget elementor-widget-heading\" data-id=\"2389d00\" data-element_type=\"widget\" data-widget_type=\"heading.default\">\n\t\t\t\t<div class=\"elementor-widget-container\">\n\t\t\t<style>\/*! elementor - v3.7.2 - 21-08-2022 *\/\n.elementor-heading-title{padding:0;margin:0;line-height:1}.elementor-widget-heading .elementor-heading-title[class*=elementor-size-]>a{color:inherit;font-size:inherit;line-height:inherit}.elementor-widget-heading .elementor-heading-title.elementor-size-small{font-size:15px}.elementor-widget-heading .elementor-heading-title.elementor-size-medium{font-size:19px}.elementor-widget-heading .elementor-heading-title.elementor-size-large{font-size:29px}.elementor-widget-heading .elementor-heading-title.elementor-size-xl{font-size:39px}.elementor-widget-heading .elementor-heading-title.elementor-size-xxl{font-size:59px}<\/style><h2 class=\"elementor-heading-title elementor-size-large\">Tipos documentales disponibles<\/h2>\t\t<\/div>\n\t\t\t\t<\/div>\n\t\t\t\t<div class=\"elementor-element elementor-element-0c1c49b elementor-widget elementor-widget-image\" data-id=\"0c1c49b\" data-element_type=\"widget\" data-widget_type=\"image.default\">\n\t\t\t\t<div class=\"elementor-widget-container\">\n\t\t\t\t\t\t\t\t\t\t\t\t\t\t\t<img decoding=\"async\" src=\"https:\/\/eschotel.edu.bo\/sitio\/wp-content\/uploads\/2022\/09\/biblioteca_tipo_gastronomia.jpg\" title=\"\" alt=\"\" \/>\t\t\t\t\t\t\t\t\t\t\t\t\t\t\t<\/div>\n\t\t\t\t<\/div>\n\t\t\t\t<div class=\"elementor-element elementor-element-ceff12a elementor-widget elementor-widget-heading\" data-id=\"ceff12a\" data-element_type=\"widget\" data-widget_type=\"heading.default\">\n\t\t\t\t<div class=\"elementor-widget-container\">\n\t\t\t<h2 class=\"elementor-heading-title elementor-size-large\">\u00c1reas comprendidas<\/h2>\t\t<\/div>\n\t\t\t\t<\/div>\n\t\t\t\t<div class=\"elementor-element elementor-element-867c09e elementor-widget elementor-widget-text-editor\" data-id=\"867c09e\" data-element_type=\"widget\" data-widget_type=\"text-editor.default\">\n\t\t\t\t<div class=\"elementor-widget-container\">\n\t\t\t\t\t\t\t<p><span style=\"color: #ffffff;\">\u25a0 Historia de la gastronom\u00eda internacional y boliviana<\/span><\/p><p><span style=\"color: #ffffff;\">\u25a0 Procesos y t\u00e9cnicas espec\u00edficas en gastronom\u00eda y cocina general<\/span><\/p><p><span style=\"color: #ffffff;\">\u25a0 Cocina internacional (Recetarios y emplatados o presentaciones)<\/span><\/p><p><span style=\"color: #ffffff;\">\u25a0 Cocina boliviana (Recetarios y emplatados o presentaciones)<\/span><\/p><p><span style=\"color: #ffffff;\">\u25a0 Reposter\u00eda \u2013 Pasteler\u00eda \u2013 Postres \u2013 Cocina fr\u00eda &#8211; Buffet<\/span><\/p><p><span style=\"color: #ffffff;\">\u25a0 Bebidas \u2013 Cocteles \u2013 Vinos y otros<\/span><\/p><p><span style=\"color: #ffffff;\">\u25a0 Nutrici\u00f3n \u2013 Seguridad alimentaria \u2013 Higiene y manipulaci\u00f3n de alimentos<\/span><\/p>\t\t\t\t\t\t<\/div>\n\t\t\t\t<\/div>\n\t\t\t\t<div class=\"elementor-element elementor-element-5d77536 elementor-widget elementor-widget-image\" data-id=\"5d77536\" data-element_type=\"widget\" data-widget_type=\"image.default\">\n\t\t\t\t<div class=\"elementor-widget-container\">\n\t\t\t\t\t\t\t\t\t\t\t\t\t\t\t<img decoding=\"async\" src=\"https:\/\/eschotel.edu.bo\/sitio\/wp-content\/uploads\/2022\/09\/biblioteca_tipo_hoteleria.jpg\" title=\"\" alt=\"\" \/>\t\t\t\t\t\t\t\t\t\t\t\t\t\t\t<\/div>\n\t\t\t\t<\/div>\n\t\t\t\t<div class=\"elementor-element elementor-element-31b5920 elementor-widget elementor-widget-heading\" data-id=\"31b5920\" data-element_type=\"widget\" data-widget_type=\"heading.default\">\n\t\t\t\t<div class=\"elementor-widget-container\">\n\t\t\t<h2 class=\"elementor-heading-title elementor-size-large\">\u00c1reas comprendidas<\/h2>\t\t<\/div>\n\t\t\t\t<\/div>\n\t\t\t\t<div class=\"elementor-element elementor-element-9c544bb elementor-widget elementor-widget-text-editor\" data-id=\"9c544bb\" data-element_type=\"widget\" data-widget_type=\"text-editor.default\">\n\t\t\t\t<div class=\"elementor-widget-container\">\n\t\t\t\t\t\t\t<p><span style=\"color: #ffffff;\">\u25a0 Administraci\u00f3n y gerencia hotelera<\/span><\/p><p><span style=\"color: #ffffff;\">\u25a0 Administraci\u00f3n de restaurantes<\/span><\/p><p><span style=\"color: #ffffff;\">\u25a0 Servicios de alimentos y bebidas<\/span><\/p><p><span style=\"color: #ffffff;\">\u25a0 Recursos humanos<\/span><\/p><p><span style=\"color: #ffffff;\">\u25a0 Etiqueta &#8211; protocolo<\/span><\/p>\t\t\t\t\t\t<\/div>\n\t\t\t\t<\/div>\n\t\t\t\t<div class=\"elementor-element elementor-element-7f0cf5a elementor-widget elementor-widget-image\" data-id=\"7f0cf5a\" data-element_type=\"widget\" data-widget_type=\"image.default\">\n\t\t\t\t<div class=\"elementor-widget-container\">\n\t\t\t\t\t\t\t\t\t\t\t\t\t\t\t<img decoding=\"async\" src=\"https:\/\/eschotel.edu.bo\/sitio\/wp-content\/uploads\/2022\/09\/biblioteca_tipo_turismo.jpg\" title=\"\" alt=\"\" \/>\t\t\t\t\t\t\t\t\t\t\t\t\t\t\t<\/div>\n\t\t\t\t<\/div>\n\t\t\t\t<div class=\"elementor-element elementor-element-834500f elementor-widget elementor-widget-heading\" data-id=\"834500f\" data-element_type=\"widget\" data-widget_type=\"heading.default\">\n\t\t\t\t<div class=\"elementor-widget-container\">\n\t\t\t<h2 class=\"elementor-heading-title elementor-size-default\">\u00c1reas comprendidas<\/h2>\t\t<\/div>\n\t\t\t\t<\/div>\n\t\t\t\t<div class=\"elementor-element elementor-element-e6da36b elementor-widget elementor-widget-text-editor\" data-id=\"e6da36b\" data-element_type=\"widget\" data-widget_type=\"text-editor.default\">\n\t\t\t\t<div class=\"elementor-widget-container\">\n\t\t\t\t\t\t\t<p><span style=\"color: #ffffff;\">\u25a0 Historia del turismo<\/span><\/p><p><span style=\"color: #ffffff;\">\u25a0 Turismo Internacional<\/span><\/p><p><span style=\"color: #ffffff;\">\u25a0 Turismo Nacional<\/span><\/p><p><span style=\"color: #ffffff;\">\u25a0 Rutas tur\u00edsticas bolivianas<\/span><\/p><p><span style=\"color: #ffffff;\">\u25a0 Estad\u00edsticas turismo boliviano<\/span><\/p><p><span style=\"color: #ffffff;\">\u25a0 Turismo y hoteles<\/span><\/p><p><span style=\"color: #ffffff;\">\u25a0 Administraci\u00f3n tur\u00edstica<\/span><\/p><p><span style=\"color: #ffffff;\">\u25a0 Investigaciones tur\u00edsticas<\/span><\/p>\t\t\t\t\t\t<\/div>\n\t\t\t\t<\/div>\n\t\t\t\t\t<\/div>\n\t\t<\/div>\n\t\t\t\t<div class=\"elementor-column elementor-col-25 elementor-top-column elementor-element elementor-element-253683e\" data-id=\"253683e\" data-element_type=\"column\">\n\t\t\t<div class=\"elementor-widget-wrap\">\n\t\t\t\t\t\t\t\t\t<\/div>\n\t\t<\/div>\n\t\t\t\t<div class=\"elementor-column elementor-col-25 elementor-top-column elementor-element elementor-element-5068795\" data-id=\"5068795\" data-element_type=\"column\" data-settings=\"{&quot;background_background&quot;:&quot;classic&quot;}\">\n\t\t\t<div class=\"elementor-widget-wrap elementor-element-populated\">\n\t\t\t\t\t\t\t\t<div class=\"elementor-element elementor-element-d06a63c elementor-widget elementor-widget-spacer\" data-id=\"d06a63c\" data-element_type=\"widget\" data-widget_type=\"spacer.default\">\n\t\t\t\t<div class=\"elementor-widget-container\">\n\t\t\t\t\t<div class=\"elementor-spacer\">\n\t\t\t<div class=\"elementor-spacer-inner\"><\/div>\n\t\t<\/div>\n\t\t\t\t<\/div>\n\t\t\t\t<\/div>\n\t\t\t\t<div class=\"elementor-element elementor-element-8880cd8 elementor-widget elementor-widget-heading\" data-id=\"8880cd8\" data-element_type=\"widget\" data-widget_type=\"heading.default\">\n\t\t\t\t<div class=\"elementor-widget-container\">\n\t\t\t<h2 class=\"elementor-heading-title elementor-size-large\">Nuestras Instalaciones<\/h2>\t\t<\/div>\n\t\t\t\t<\/div>\n\t\t\t\t<div class=\"elementor-element elementor-element-3c25862 elementor-widget elementor-widget-image\" data-id=\"3c25862\" data-element_type=\"widget\" data-widget_type=\"image.default\">\n\t\t\t\t<div class=\"elementor-widget-container\">\n\t\t\t\t\t\t\t\t\t\t\t\t\t\t\t<img loading=\"lazy\" decoding=\"async\" width=\"800\" height=\"600\" src=\"https:\/\/eschotel.edu.bo\/sitio\/wp-content\/uploads\/2025\/07\/01-1024x768.jpg\" class=\"attachment-large size-large\" alt=\"\" srcset=\"https:\/\/eschotel.edu.bo\/sitio\/wp-content\/uploads\/2025\/07\/01-1024x768.jpg 1024w, https:\/\/eschotel.edu.bo\/sitio\/wp-content\/uploads\/2025\/07\/01-300x225.jpg 300w, https:\/\/eschotel.edu.bo\/sitio\/wp-content\/uploads\/2025\/07\/01-768x576.jpg 768w, https:\/\/eschotel.edu.bo\/sitio\/wp-content\/uploads\/2025\/07\/01.jpg 1152w\" sizes=\"auto, (max-width: 800px) 100vw, 800px\" \/>\t\t\t\t\t\t\t\t\t\t\t\t\t\t\t<\/div>\n\t\t\t\t<\/div>\n\t\t\t\t<div class=\"elementor-element elementor-element-eeb9013 elementor-widget elementor-widget-image\" data-id=\"eeb9013\" data-element_type=\"widget\" data-widget_type=\"image.default\">\n\t\t\t\t<div class=\"elementor-widget-container\">\n\t\t\t\t\t\t\t\t\t\t\t\t\t\t\t<img decoding=\"async\" src=\"https:\/\/eschotel.edu.bo\/sitio\/wp-content\/uploads\/2022\/09\/biblioteca_0.jpg\" title=\"\" alt=\"\" \/>\t\t\t\t\t\t\t\t\t\t\t\t\t\t\t<\/div>\n\t\t\t\t<\/div>\n\t\t\t\t<div class=\"elementor-element elementor-element-d44180d elementor-widget elementor-widget-image\" data-id=\"d44180d\" data-element_type=\"widget\" data-widget_type=\"image.default\">\n\t\t\t\t<div class=\"elementor-widget-container\">\n\t\t\t\t\t\t\t\t\t\t\t\t\t\t\t<img loading=\"lazy\" decoding=\"async\" width=\"800\" height=\"600\" src=\"https:\/\/eschotel.edu.bo\/sitio\/wp-content\/uploads\/2025\/07\/04-1024x768.jpg\" class=\"attachment-large size-large\" alt=\"\" srcset=\"https:\/\/eschotel.edu.bo\/sitio\/wp-content\/uploads\/2025\/07\/04-1024x768.jpg 1024w, https:\/\/eschotel.edu.bo\/sitio\/wp-content\/uploads\/2025\/07\/04-300x225.jpg 300w, https:\/\/eschotel.edu.bo\/sitio\/wp-content\/uploads\/2025\/07\/04-768x576.jpg 768w, https:\/\/eschotel.edu.bo\/sitio\/wp-content\/uploads\/2025\/07\/04.jpg 1152w\" sizes=\"auto, (max-width: 800px) 100vw, 800px\" \/>\t\t\t\t\t\t\t\t\t\t\t\t\t\t\t<\/div>\n\t\t\t\t<\/div>\n\t\t\t\t<div class=\"elementor-element elementor-element-1431f1f elementor-widget elementor-widget-image\" data-id=\"1431f1f\" data-element_type=\"widget\" data-widget_type=\"image.default\">\n\t\t\t\t<div class=\"elementor-widget-container\">\n\t\t\t\t\t\t\t\t\t\t\t\t\t\t\t<img decoding=\"async\" src=\"https:\/\/eschotel.edu.bo\/sitio\/wp-content\/uploads\/2022\/09\/biblioteca_9.jpg\" title=\"\" alt=\"\" \/>\t\t\t\t\t\t\t\t\t\t\t\t\t\t\t<\/div>\n\t\t\t\t<\/div>\n\t\t\t\t<div class=\"elementor-element elementor-element-aa49adc elementor-widget elementor-widget-image\" data-id=\"aa49adc\" data-element_type=\"widget\" data-widget_type=\"image.default\">\n\t\t\t\t<div class=\"elementor-widget-container\">\n\t\t\t\t\t\t\t\t\t\t\t\t\t\t\t<img decoding=\"async\" src=\"https:\/\/eschotel.edu.bo\/sitio\/wp-content\/uploads\/2022\/09\/biblioteca_7.jpg\" title=\"\" alt=\"\" \/>\t\t\t\t\t\t\t\t\t\t\t\t\t\t\t<\/div>\n\t\t\t\t<\/div>\n\t\t\t\t<div class=\"elementor-element elementor-element-e8610ba elementor-widget elementor-widget-text-editor\" data-id=\"e8610ba\" data-element_type=\"widget\" data-widget_type=\"text-editor.default\">\n\t\t\t\t<div class=\"elementor-widget-container\">\n\t\t\t\t\t\t\t<p><span style=\"color: #000000;\">Estamos en:<\/span><\/p><p><span style=\"color: #000000;\">Pasaje Carlos Medinacelli # 2220<\/span><\/p><p><span style=\"color: #000000;\">Entre calles Fernando Cuachalla<\/span><\/p><p><span style=\"color: #000000;\">y Rosendo Gutierrez<\/span><\/p><p><span style=\"color: #000000;\">Zona Sopocachi.<\/span><\/p><p><span style=\"color: #000000;\">Tel\u00e9fono: 2-2424154<\/span><\/p><p><span style=\"color: #000000;\">La Paz &#8211; Bolivia<\/span><\/p>\t\t\t\t\t\t<\/div>\n\t\t\t\t<\/div>\n\t\t\t\t\t<\/div>\n\t\t<\/div>\n\t\t\t\t\t\t\t<\/div>\n\t\t<\/section>\n\t\t\t\t\t\t\t<\/div>\n\t\t","protected":false},"excerpt":{"rendered":"<p>Catalogo En Linea Las bibliotecas siguen siendo piezas cruciales del sistema de edu\u00adcaci\u00f3n e investigaci\u00f3n. En un mundo donde la informaci\u00f3n se ha con\u00advertido en uno de los bienes m\u00e1s preciados para el crecimiento econ\u00f3mi\u00adco, social y cultural de las naciones, contar con bibliotecas especializadas y actualizadas resulta importante para entender el surgimiento y desarrollo [&hellip;]<\/p>\n","protected":false},"author":2,"featured_media":0,"parent":0,"menu_order":0,"comment_status":"closed","ping_status":"closed","template":"","meta":{"om_disable_all_campaigns":false,"_monsterinsights_skip_tracking":false,"_monsterinsights_sitenote_active":false,"_monsterinsights_sitenote_note":"","_monsterinsights_sitenote_category":0,"footnotes":""},"class_list":["post-435","page","type-page","status-publish","hentry"],"aioseo_notices":[],"_links":{"self":[{"href":"https:\/\/eschotel.edu.bo\/sitio\/wp-json\/wp\/v2\/pages\/435","targetHints":{"allow":["GET"]}}],"collection":[{"href":"https:\/\/eschotel.edu.bo\/sitio\/wp-json\/wp\/v2\/pages"}],"about":[{"href":"https:\/\/eschotel.edu.bo\/sitio\/wp-json\/wp\/v2\/types\/page"}],"author":[{"embeddable":true,"href":"https:\/\/eschotel.edu.bo\/sitio\/wp-json\/wp\/v2\/users\/2"}],"replies":[{"embeddable":true,"href":"https:\/\/eschotel.edu.bo\/sitio\/wp-json\/wp\/v2\/comments?post=435"}],"version-history":[{"count":22,"href":"https:\/\/eschotel.edu.bo\/sitio\/wp-json\/wp\/v2\/pages\/435\/revisions"}],"predecessor-version":[{"id":2435,"href":"https:\/\/eschotel.edu.bo\/sitio\/wp-json\/wp\/v2\/pages\/435\/revisions\/2435"}],"wp:attachment":[{"href":"https:\/\/eschotel.edu.bo\/sitio\/wp-json\/wp\/v2\/media?parent=435"}],"curies":[{"name":"wp","href":"https:\/\/api.w.org\/{rel}","templated":true}]}}